= -v**2 + 9*v - 7. Calculate z(w).
11
Let c be (6/3 - 1) + 17. Let p = -11 + c. Let s(j) = j**2 - 7*j + 4. Let n be s(p). Let u(l) = l**3 - 3*l**2 - 5*l - 2. Determine u(n).
-6
Let a(t) = -2*t. Let z(u) = -5*u - 1. Let f(p) = p**3 - 3*p**2 - p - 1. Let i be f(2). Let r(w) = i*a(w) + 2*z(w). What is r(2)?
6
Let i = -8 + 4. Let y(x) = x**2 + 4*x + 4. Give y(i).
4
Let b = -15 - -23. Let g(f) = f**2 - 2*f. Let c be g(-2). Suppose -b = -c*t + 6*t. Let r(u) = u**3 - 4*u**2 + 4*u - 6. Give r(t).
10
Let c be ((-60)/16)/3*4. Let k(v) = -1. Let h(u) = u - 1. Let p(i) = -h(i) - k(i). What is p(c)?
7
Let a(r) = 33*r**2 + 2 + 4*r - 29*r**2 - 3 - r**3 + 7. Calculate a(5).
1
Suppose 0 = -i - 3, b - 3*i - 1 = 5*b. Let f(s) = -s + s - b*s. Let c be 2/(-7) - 32/(-14). Give f(c).
-4
Let c(b) = -b - 10. Suppose 0 = 3*f - 7*f + 8. Let p(t) = t**2 + 3*t. Let j be p(-4). Suppose -f*r = 3*s + 18, -j*r = -0*r. Determine c(s).
-4
Let s(w) be the first derivative of w**4/4 + 7*w**3/3 + 5*w**2/2 - 2. Suppose 2*t - 2*v = -4, 0 = -v - 0*v - 4. Give s(t).
6
Let h(m) be the second derivative of m**3/6 + 3*m**2/2 + 25*m. Give h(-7).
-4
Let s(z) = -3*z - 5. Suppose 3*d = -d - 16. Determine s(d).
7
Let n(s) = -s**3 - 2*s**2 + s - 3. Suppose 0 = x - 6*x + 45. Let a be (x/(-3) - -4)*-3. What is n(a)?
3
Let f be ((-2 + 0)/2)/((-1)/4). Let r(y) = -y**3 + 2*y**2 + 6*y - 3. Give r(f).
-11
Let h(y) be the third derivative of y**7/2520 - y**6/120 - y**5/10 - 7*y**2. Let o(m) be the third derivative of h(m). Determine o(6).
6
Let p(s) = s**2 + 2*s - 1. Suppose -g - 11 = -4*y, 0 = -g + 5*g - 20. Suppose y*j = -2 - 6. Let l be 3/6 - 3/j. What is p(l)?
7
Let f be ((-15)/(-12))/(2/8). Let i(y) = -y**2 + y - 1. Determine i(f).
-21
Let p(q) be the third derivative of q**4/24 + 7*q**3/6 + 12*q**2. Let k(z) = z**2 - 8*z + 7. Let u be k(5). Let a be p(u). Let n(c) = 6*c + 1. What is n(a)?
-5
Let u(x) be the first derivative of -x**7/840 + x**6/120 - x**5/60 - x**4/8 + x**3/3 + 4. Let y(w) be the third derivative of u(w). What is y(3)?
-9
Suppose 4*j - 28 + 8 = 0. Let o(v) = -v**2 + 6*v - 2. Give o(j).
3
Let a be -2*((-3)/6 - -3). Let h = 6 + a. Let t = h - 0. Let b(u) = -3*u**3 - 2*u + 1. Give b(t).
-4
Let l(t) be the first derivative of -2*t**3/3 + t**2 - t + 10. Determine l(3).
-13
Let r = 145 - 137. Let k(s) = -2*s - 6. Give k(r).
-22
Let q(o) = 8*o**3 - o**2 + o - 1. Let x be (-8 - -2)*3/(-6). Suppose -u + 4*n + x = 2*u, 3*n = 3*u - 3. What is q(u)?
7
Let s(x) = x**2 + 5*x + 2. Suppose 5*o + 2*p - 3*p + 28 = 0, 3*p = 9. Calculate s(o).
2
Let n(d) = -17*d - 5. Let p(c) = -9*c - 3. Let y be (-41)/(-13) + 6/(-39). Let l(v) = y*n(v) - 5*p(v). Determine l(1).
-6
Let t(g) = -4*g + 3. Suppose 17 = q - 4*s, 2*s - 29 = -4*q + 5*s. Let z(y) = -1 - q*y + 3 + 2*y. Let m(r) = 2*t(r) - 3*z(r). Determine m(5).
5
Let j(f) be the third derivative of -f**7/5040 - f**6/360 + 2*f**5/15 - 7*f**2. Let y(r) be the third derivative of j(r). What is y(-6)?
4
Let i(h) = h + 1. Let w(q) = 53*q + 23. Let z(u) = -2*i(u) + w(u). Let b(k) = -5*k - 2. Let c(p) = -21*b(p) - 2*z(p). What is c(2)?
6
Let o = 7 + -5. Suppose -5*q = z + 17, 9 = -q - o*q. Let w(x) = 6 - 4 + 1 - 4 + 4*x. Calculate w(z).
-9
Suppose 8*q = 3*q + 25. Suppose 0 = -3*z - 2*z - 50. Let o = z + q. Let x(t) = -t - 3. Determine x(o).
2
Suppose 0 = 3*z - 7 - 2. Let y(m) = m**3 - 2 - 2*m**z + 2*m**3 - 7*m + 2*m - 3*m**2. What is y(4)?
-6
Suppose h = 1 + 1. Let b(x) = -x**3 + 3*x**2 - 3*x + 3. Let k be b(h). Let c(t) = -1 + t**3 + t**2 + 2 + 3*t**3 - t. Give c(k).
5
Suppose 0 = 5*g - g - 24. Let l = -8 + g. Let r(s) = -5*s - 2. Determine r(l).
8
Let m(i) = i**2 - i + 1. Suppose 17 = -4*b + 5*h, -b + 5*h = b + 21. Give m(b).
3
Let a = -49 - -55. Let z(w) = -w**2 + 8*w + 3. Give z(a).
15
Let b(i) be the first derivative of -i**4/4 + 2*i**3 + 6*i - 1. Let w(c) = c**3 - 5*c**2 - 5. Let u(q) = 4*b(q) + 5*w(q). Determine u(1).
-1
Let h(v) = -4*v**2 - 7*v. Let o(k) = 3*k**2 + 19*k - 13. Let p(j) = -j**2 - 5*j + 3. Let r(u) = 2*o(u) + 9*p(u). Let q(g) = -4*h(g) + 5*r(g). What is q(4)?
-7
Suppose 13 + 5 = -3*p. Let k be p/(-5)*170/(-51). Let i(o) = -o**3 - 3*o**2 + o + 2. Give i(k).
14
Let x = -2 - -7. Suppose -2*j - x*y = 0, j - y = 3*y. Let q(a) = 4*a**2 - a - 7. Let g(k) = -3*k**2 + k + 6. Let p(t) = 3*g(t) + 2*q(t). Determine p(j).
4
Suppose 0 = 2*y + 8. Let s be 10/y*(-24)/30. Let t(d) = d + 2 + d - 1 - d. Give t(s).
3
Let j be 1*39/(3*-1). Let u = -8 - j. Let p(s) = s**2 - 5*s + 2. Let v be p(u). Let x(c) = c**2 - 3*c - 1. Determine x(v).
-3
Suppose d + 1 = -1. Let q(z) = 4*z**3 - 4*z - 7. Let r(f) = 3*f**3 - 3*f - 5. Let h(w) = 5*q(w) - 7*r(w). What is h(d)?
6
Let g(v) be the first derivative of 1/2*v**2 + 9 - 1/3*v**3 - 12*v. Calculate g(0).
-12
Let a(s) be the third derivative of s**6/120 - s**5/12 - s**4/12 + 5*s**3/6 + 4*s**2. Suppose 3*g = -3*p, 7 = 5*g - p - 23. Calculate a(g).
-5
Let f(h) = -h**3 - 4*h**2 - 3*h - 5. Suppose 5*p + 6 = -4. Let o be (-8 + 6)/(p/(-4)). What is f(o)?
7
Let i(a) = -11*a**3 - 5*a**2 - 8*a + 53. Let r(x) = 4*x**3 + 2*x**2 + 3*x - 18. Let y(d) = -3*i(d) - 8*r(d). What is y(0)?
-15
Let o be -2 + 1 + (7 - 8). Let v(q) = -q**3 - 3*q**2 - 2*q - 1. Determine v(o).
-1
Let z(r) be the second derivative of r**5/20 + 5*r**4/12 + r**3/2 + r**2 - 4*r. What is z(-4)?
6
Let l(n) = -n + 1. Let j(a) = -3*a + 3. Let h(w) = j(w) - 4*l(w). Suppose -2*o - 1 = 3. Determine h(o).
-3
Let j(o) = 0 + 4*o + 0 - 2. Let i(l) = -5*l - 37. Let d be i(-7). Give j(d).
-10
Let a = -13 + 10. Let n(h) = h**2 - 2. What is n(a)?
7
Let g(f) be the second derivative of -f**6/120 + f**5/15 - f**4/8 - f**3/3 + 3*f**2/2 - f. Let t(n) be the first derivative of g(n). Calculate t(3).
-2
Suppose n - 5 = 0, -2*b - n = -7*b + 10. Suppose j - 2 = i, -3*j + 3 = i - b. Let r(a) = a**3 - a + 2. Determine r(i).
2
Let a(u) = -10*u + 14. Let g(t) = 5*t - 7. Let b(k) = 6*a(k) + 11*g(k). Calculate b(6).
-23
Let q be (-14)/28*1*4. Let w(b) = 2*b**2 + 4*b + 2. Determine w(q).
2
Let u(z) be the first derivative of -z**5/60 + 5*z**4/24 - z**3/6 - 3*z**2/2 + 1. Let n(a) be the second derivative of u(a). Give n(5).
-1
Let m(f) be the third derivative of 0*f**3 - 5*f**2 + 0 + 0*f + 1/30*f**5 - 1/24*f**4. Let d = 1 + -2. What is m(d)?
3
Suppose -u - 4 = 2*j, -3*u + 4*u + j = 1. Let l(k) = k + 3. Determine l(u).
9
Let j(s) = -s - 1. Let g be j(3). Let z be 3 + (-8)/4 + -26. Let n be 110/z - g/10. Let d(y) = y**2 + 6*y + 6. Calculate d(n).
-2
Suppose j - 9 = 5*p - 4*p, 15 = -5*p - 5*j. Let k(h) = -4683*h**2 - 2 + 3 + 4682*h**2 - 5*h. What is k(p)?
-5
Let s(a) = a**2 - 2*a - 2. Let k(q) = -q**2 + q + 1. Let t(f) = 3*k(f) + 2*s(f). Determine t(2).
-7
Let t = -1 - -2. Suppose 2*b = -4*g - 1 - t, -g + 12 = 3*b. Let d(h) = h - h + 1 - b*h. Give d(-1).
6
Let a(i) be the first derivative of i**2 + 2*i - 3. Give a(2).
6
Let q(p) be the first derivative of -5*p**4/4 + p**3/3 + p**2/2 - p + 31. Calculate q(1).
-4
Let f(w) = w**2 - 3*w - 2. Suppose -2*v = -4*x + 8 + 6, -x - 4 = v. Let c be (x + -1)/(2/1). Let h be 3/(-9)*c - -4. Give f(h).
2
Let o(p) = 0 - p - p**2 - 7 + 7. Suppose -3*k - 3*l + l - 2 = 0, -3*l + 8 = -k. Determine o(k).
-2
Let k(v) = 4*v**2 + 11*v - 3. Let z(x) = -5*x - 5*x**2 - 3*x - 4*x + 3. Let b(c) = -6*k(c) - 5*z(c). What is b(5)?
-2
Let j(g) be the third derivative of -1/60*g**5 - g**2 + 0 + 0*g - 1/24*g**4 + 0*g**3 + 1/20*g**6. Let t be 1 + 2*-1 + 0. Calculate j(t).
-6
Let h(u) = -u**3 + 4*u**2 - 2*u. Let n be 48/(-16)*1*-1. What is h(n)?
3
Let q(v) = v**2 + 6*v - 3. Let t = -90 - -85. Determine q(t).
-8
Let i(m) = m**2 + 8*m - 3. Let b be i(-9). Let w(q) = q**2 - 8*q + 2. Give w(b).
-10
Let r(a) = -a**3 + 5*a**2 + 4*a + 4. Let m(f) = -f + 6. Let i be m(0). Determine r(i).
-8
Let t(u) = 5*u - 2*u**2 - 3*u**2 + 6 + 6*u**2. Let g be t(-4). Let b(o) = -o**2 + 1 + 5*o + g*o**2 + 0. Calculate b(-5).
1
Let l(p) = p. Suppose 5*r = -27 - 8. Give l(r).
-7
Let w be (-3 + 2)*(-3 + 3). Let u(q) = -q**3 - 1. Determine u(w).
-1
Let s(j) = -j**3 - 2*j**2 - 2. Let i be s(-2). Let w be 2/i*1*1. Let z(n) = 6*n**2 - 2*n - 1. Calculate z(w).
7
Let d(m) be the third derivative of -m**5/60 - 5*m**4/24 - 2*m**3/3 + 2*m**2. Let r = -4 - -5. Suppose -w - 3 = r. Calculate d(w).
0
Let f(q) = 4*q**3 + 2*q